{"id":1866,"date":"2024-01-03T16:07:04","date_gmt":"2024-01-03T15:07:04","guid":{"rendered":"http:\/\/latelierducoon.com\/?post_type=product&#038;p=1866"},"modified":"2026-02-09T10:03:53","modified_gmt":"2026-02-09T09:03:53","slug":"tri-plumes","status":"publish","type":"product","link":"https:\/\/latelierducoon.com\/index.php\/produit\/tri-plumes\/","title":{"rendered":"Le Tri-Plumes"},"content":{"rendered":"<div class=\"wpaicg-chat-shortcode-content\">\n<p>D\u00e9couvrez le jouet purrrfait pour votre chat : notre Tri-Plumes ! Fabriqu\u00e9 \u00e0 la main avec amour, ce jouet original est \u00e0 la fois divertissant et stimulant pour votre f\u00e9lin ador\u00e9.<\/p>\n<p>Le Tri-Plumes est constitu\u00e9 d&rsquo;un mat\u00e9riau doux et r\u00e9sistant, assurant une durabilit\u00e9 et une s\u00e9curit\u00e9 maximales. Sa forme triangulaire unique le rend facile \u00e0 attraper et \u00e0 lancer pour votre chat, lui offrant des heures de plaisir sans fin.<\/p>\n<p>Mais ce n&rsquo;est pas tout ! Ce jouet est agr\u00e9ment\u00e9 de plumes qui feront briller les yeux de votre chat. Les plumes attirent son attention et suscitent son instinct de chasseur, le captivant instantan\u00e9ment. Il en sera obs\u00e9d\u00e9 !<\/p>\n<p>\u00c0 l&rsquo;int\u00e9rieur du Tri-Plumes se trouve de l&rsquo;herbe \u00e0 chat ou de la val\u00e9riane, connues pour ses propri\u00e9t\u00e9s euphorisantes et stimulantes chez la plupart des f\u00e9lins. Votre chat succombera \u00e0 cet irr\u00e9sistible m\u00e9lange, le rendant encore plus fougueux et joueur.<\/p>\n<p>Le Tri-Plumes st \u00e9galement un excellent moyen de maintenir votre chat actif et en bonne sant\u00e9. Son design interactif et amusant incite votre chat \u00e0 bouger, sauter et se donner \u00e0 c\u0153ur joie, ce qui contribue \u00e0 maintenir son poids et \u00e0 favoriser son bien-\u00eatre g\u00e9n\u00e9ral.<\/p>\n<p>&nbsp;<\/p>\n<\/div>\n<p>Quels sont les <strong>effets de l&rsquo;herbe \u00e0 chat ou de la val\u00e9riane<\/strong>?<\/p>\n<ul>\n<li><strong>effet euphorisant<\/strong> qui va stimuler votre chat<\/li>\n<li>permet une activit\u00e9 physique : parfait pour les chats en surpoids<\/li>\n<li>calme l&rsquo;anxi\u00e9t\u00e9<\/li>\n<li>favorise le <strong>bien-\u00eatre<\/strong> animal<\/li>\n<li>cr\u00e9e un sentiment de d\u00e9tente pour votre chat apr\u00e8s avoir \u00e9t\u00e9 stimul\u00e9<\/li>\n<\/ul>\n<p>La val\u00e9riane est beaucoup plus odorante, les chats y sont souvent plus r\u00e9ceptifs, mais cela va d\u00e9pendre des pr\u00e9f\u00e9rences de votre chat.<\/p>\n<p><strong>Petit conseil<\/strong> : mettre un jouet \u00e0 la val\u00e9riane dans la cage de transport pour aller chez le v\u00e9t\u00e9rinaire ou pour toute autre activit\u00e9 stressante pour votre chat, peut l&rsquo;aider \u00e0 se canaliser et \u00e0 moins stresser.<\/p>\n<p>Nos herbes aux chats sont <strong>biologiques<\/strong> et issues de l&rsquo;agriculture<strong> fran\u00e7aise.<\/strong><\/p>\n<p>\ud83d\udc8c Envoi rapide &amp; soign\u00e9<\/p>\n","protected":false},"excerpt":{"rendered":"<p>Le Tri-Plumes est un jouet pour chat, fait \u00e0 la main par mes soins, en forme de triangle et agr\u00e9ment\u00e9 de plumes. Il stimulera votre chat car il peut \u00eatre soit garni d&rsquo;herbe \u00e0 chat, soit de val\u00e9riane. Nombreux tissus au choix.<\/p>\n<p>Cr\u00e9ation exclusive L&rsquo;atelier du Coon<\/p>\n","protected":false},"featured_media":1869,"comment_status":"open","ping_status":"closed","template":"","meta":{"_et_pb_use_builder":"off","_et_pb_old_content":"C o u - S t i c k\r\n_____\r\n\ud83d\udcad Deux fois plus de plumes, deux fois plus de plaisir \ud83d\ude38\r\n\r\nSa forme est parfaite pour \u00eatre attrap\u00e9e entre les pattes de votre chat.\r\n___\r\nLes Cou-Sticks sont enti\u00e8rement <strong>faits \u00e0 la main<\/strong>, et sont garnis d'herbe \u00e0 chat ou de val\u00e9riane\r\n\r\nVous disposez d'un grand choix de tissus. N'oubliez pas de pr\u00e9ciser quel tissu vous d\u00e9sirez.\r\n\r\nQuels sont les <strong>effets de l'herbe \u00e0 chat ou de la val\u00e9riane<\/strong>?\r\n<ul>\r\n \t<li><strong>effet euphorisant<\/strong> qui va stimuler votre chat<\/li>\r\n \t<li>permet une activit\u00e9 physique : parfait pour les chats en surpoids<\/li>\r\n \t<li>calme l'anxi\u00e9t\u00e9<\/li>\r\n \t<li>favorise le <strong>bien-\u00eatre<\/strong> animal<\/li>\r\n \t<li>cr\u00e9e un sentiment de d\u00e9tente pour votre chat apr\u00e8s avoir \u00e9t\u00e9 stimul\u00e9<\/li>\r\n<\/ul>\r\nLa val\u00e9riane est beaucoup plus odorante, les chats y sont souvent plus r\u00e9ceptifs, mais cela va d\u00e9pendre des pr\u00e9f\u00e9rences de votre chat.\r\n\r\n<strong>Petit conseil<\/strong> : mettre un jouet \u00e0 la val\u00e9riane dans la cage de transport pour aller chez le v\u00e9t\u00e9rinaire ou pour toute autre activit\u00e9 stressante pour votre chat, peut l'aider \u00e0 se canaliser et \u00e0 moins stresser.\r\n\r\nNos herbes aux chats sont <strong>biologiques<\/strong> et issues de l'agriculture<strong> fran\u00e7aise<\/strong>.\r\n\r\n_____\r\n\r\n\ud83d\udc8c Envoi rapide & soign\u00e9","_et_gb_content_width":""},"product_brand":[],"product_cat":[37,75],"product_tag":[],"class_list":{"0":"post-1866","1":"product","2":"type-product","3":"status-publish","4":"has-post-thumbnail","6":"product_cat-lunivers-des-chats","7":"product_cat-nos-creations-de-jouets-aux-herbes-aux-chats","9":"first","10":"instock","11":"shipping-taxable","12":"purchasable","13":"product-type-variable"},"yoast_head":"<!-- This site is optimized with the Yoast SEO plugin v27.5 - https:\/\/yoast.com\/product\/yoast-seo-wordpress\/ -->\n<title>Le Tri-Plumes - L\u2019atelier du Coon<\/title>\n<meta name=\"robots\" content=\"index, follow, max-snippet:-1, max-image-preview:large, max-video-preview:-1\" \/>\n<link rel=\"canonical\" href=\"https:\/\/latelierducoon.com\/index.php\/produit\/tri-plumes\/\" \/>\n<meta property=\"og:locale\" content=\"fr_FR\" \/>\n<meta property=\"og:type\" content=\"article\" \/>\n<meta property=\"og:title\" content=\"Le Tri-Plumes - L\u2019atelier du Coon\" \/>\n<meta property=\"og:description\" content=\"Le Tri-Plumes est un jouet pour chat, fait \u00e0 la main par mes soins, en forme de triangle et agr\u00e9ment\u00e9 de plumes. Il stimulera votre chat car il peut \u00eatre soit garni d&#039;herbe \u00e0 chat, soit de val\u00e9riane. Nombreux tissus au choix.  Cr\u00e9ation exclusive L&#039;atelier du Coon\" \/>\n<meta property=\"og:url\" content=\"https:\/\/latelierducoon.com\/index.php\/produit\/tri-plumes\/\" \/>\n<meta property=\"og:site_name\" content=\"L\u2019atelier du Coon\" \/>\n<meta property=\"article:modified_time\" content=\"2026-02-09T09:03:53+00:00\" \/>\n<meta property=\"og:image\" content=\"https:\/\/latelierducoon.com\/wp-content\/uploads\/Tri-Plumes-recadre-683x1024.png\" \/>\n\t<meta property=\"og:image:width\" content=\"683\" \/>\n\t<meta property=\"og:image:height\" content=\"1024\" \/>\n\t<meta property=\"og:image:type\" content=\"image\/png\" \/>\n<meta name=\"twitter:card\" content=\"summary_large_image\" \/>\n<meta name=\"twitter:label1\" content=\"Dur\u00e9e de lecture estim\u00e9e\" \/>\n\t<meta name=\"twitter:data1\" content=\"2 minutes\" \/>\n<script type=\"application\/ld+json\" class=\"yoast-schema-graph\">{\"@context\":\"https:\\\/\\\/schema.org\",\"@graph\":[{\"@type\":\"WebPage\",\"@id\":\"https:\\\/\\\/latelierducoon.com\\\/index.php\\\/produit\\\/tri-plumes\\\/\",\"url\":\"https:\\\/\\\/latelierducoon.com\\\/index.php\\\/produit\\\/tri-plumes\\\/\",\"name\":\"Le Tri-Plumes - L\u2019atelier du Coon\",\"isPartOf\":{\"@id\":\"https:\\\/\\\/latelierducoon.com\\\/#website\"},\"primaryImageOfPage\":{\"@id\":\"https:\\\/\\\/latelierducoon.com\\\/index.php\\\/produit\\\/tri-plumes\\\/#primaryimage\"},\"image\":{\"@id\":\"https:\\\/\\\/latelierducoon.com\\\/index.php\\\/produit\\\/tri-plumes\\\/#primaryimage\"},\"thumbnailUrl\":\"https:\\\/\\\/latelierducoon.com\\\/wp-content\\\/uploads\\\/Tri-Plumes-recadre.png\",\"datePublished\":\"2024-01-03T15:07:04+00:00\",\"dateModified\":\"2026-02-09T09:03:53+00:00\",\"breadcrumb\":{\"@id\":\"https:\\\/\\\/latelierducoon.com\\\/index.php\\\/produit\\\/tri-plumes\\\/#breadcrumb\"},\"inLanguage\":\"fr-FR\",\"potentialAction\":[{\"@type\":\"ReadAction\",\"target\":[\"https:\\\/\\\/latelierducoon.com\\\/index.php\\\/produit\\\/tri-plumes\\\/\"]}]},{\"@type\":\"ImageObject\",\"inLanguage\":\"fr-FR\",\"@id\":\"https:\\\/\\\/latelierducoon.com\\\/index.php\\\/produit\\\/tri-plumes\\\/#primaryimage\",\"url\":\"https:\\\/\\\/latelierducoon.com\\\/wp-content\\\/uploads\\\/Tri-Plumes-recadre.png\",\"contentUrl\":\"https:\\\/\\\/latelierducoon.com\\\/wp-content\\\/uploads\\\/Tri-Plumes-recadre.png\",\"width\":1000,\"height\":1500,\"caption\":\"Tri-Plumes jouet pour chat\"},{\"@type\":\"BreadcrumbList\",\"@id\":\"https:\\\/\\\/latelierducoon.com\\\/index.php\\\/produit\\\/tri-plumes\\\/#breadcrumb\",\"itemListElement\":[{\"@type\":\"ListItem\",\"position\":1,\"name\":\"Home\",\"item\":\"https:\\\/\\\/latelierducoon.com\\\/\"},{\"@type\":\"ListItem\",\"position\":2,\"name\":\"Accueil\",\"item\":\"https:\\\/\\\/latelierducoon.com\\\/\"},{\"@type\":\"ListItem\",\"position\":3,\"name\":\"Le Tri-Plumes\"}]},{\"@type\":\"WebSite\",\"@id\":\"https:\\\/\\\/latelierducoon.com\\\/#website\",\"url\":\"https:\\\/\\\/latelierducoon.com\\\/\",\"name\":\"L\u2019atelier du Coon\",\"description\":\"\",\"potentialAction\":[{\"@type\":\"SearchAction\",\"target\":{\"@type\":\"EntryPoint\",\"urlTemplate\":\"https:\\\/\\\/latelierducoon.com\\\/?s={search_term_string}\"},\"query-input\":{\"@type\":\"PropertyValueSpecification\",\"valueRequired\":true,\"valueName\":\"search_term_string\"}}],\"inLanguage\":\"fr-FR\"}]}<\/script>\n<!-- \/ Yoast SEO plugin. -->","yoast_head_json":{"title":"Le Tri-Plumes - L\u2019atelier du Coon","robots":{"index":"index","follow":"follow","max-snippet":"max-snippet:-1","max-image-preview":"max-image-preview:large","max-video-preview":"max-video-preview:-1"},"canonical":"https:\/\/latelierducoon.com\/index.php\/produit\/tri-plumes\/","og_locale":"fr_FR","og_type":"article","og_title":"Le Tri-Plumes - L\u2019atelier du Coon","og_description":"Le Tri-Plumes est un jouet pour chat, fait \u00e0 la main par mes soins, en forme de triangle et agr\u00e9ment\u00e9 de plumes. Il stimulera votre chat car il peut \u00eatre soit garni d'herbe \u00e0 chat, soit de val\u00e9riane. Nombreux tissus au choix.  Cr\u00e9ation exclusive L'atelier du Coon","og_url":"https:\/\/latelierducoon.com\/index.php\/produit\/tri-plumes\/","og_site_name":"L\u2019atelier du Coon","article_modified_time":"2026-02-09T09:03:53+00:00","og_image":[{"width":683,"height":1024,"url":"https:\/\/latelierducoon.com\/wp-content\/uploads\/Tri-Plumes-recadre-683x1024.png","type":"image\/png"}],"twitter_card":"summary_large_image","twitter_misc":{"Dur\u00e9e de lecture estim\u00e9e":"2 minutes"},"schema":{"@context":"https:\/\/schema.org","@graph":[{"@type":"WebPage","@id":"https:\/\/latelierducoon.com\/index.php\/produit\/tri-plumes\/","url":"https:\/\/latelierducoon.com\/index.php\/produit\/tri-plumes\/","name":"Le Tri-Plumes - L\u2019atelier du Coon","isPartOf":{"@id":"https:\/\/latelierducoon.com\/#website"},"primaryImageOfPage":{"@id":"https:\/\/latelierducoon.com\/index.php\/produit\/tri-plumes\/#primaryimage"},"image":{"@id":"https:\/\/latelierducoon.com\/index.php\/produit\/tri-plumes\/#primaryimage"},"thumbnailUrl":"https:\/\/latelierducoon.com\/wp-content\/uploads\/Tri-Plumes-recadre.png","datePublished":"2024-01-03T15:07:04+00:00","dateModified":"2026-02-09T09:03:53+00:00","breadcrumb":{"@id":"https:\/\/latelierducoon.com\/index.php\/produit\/tri-plumes\/#breadcrumb"},"inLanguage":"fr-FR","potentialAction":[{"@type":"ReadAction","target":["https:\/\/latelierducoon.com\/index.php\/produit\/tri-plumes\/"]}]},{"@type":"ImageObject","inLanguage":"fr-FR","@id":"https:\/\/latelierducoon.com\/index.php\/produit\/tri-plumes\/#primaryimage","url":"https:\/\/latelierducoon.com\/wp-content\/uploads\/Tri-Plumes-recadre.png","contentUrl":"https:\/\/latelierducoon.com\/wp-content\/uploads\/Tri-Plumes-recadre.png","width":1000,"height":1500,"caption":"Tri-Plumes jouet pour chat"},{"@type":"BreadcrumbList","@id":"https:\/\/latelierducoon.com\/index.php\/produit\/tri-plumes\/#breadcrumb","itemListElement":[{"@type":"ListItem","position":1,"name":"Home","item":"https:\/\/latelierducoon.com\/"},{"@type":"ListItem","position":2,"name":"Accueil","item":"https:\/\/latelierducoon.com\/"},{"@type":"ListItem","position":3,"name":"Le Tri-Plumes"}]},{"@type":"WebSite","@id":"https:\/\/latelierducoon.com\/#website","url":"https:\/\/latelierducoon.com\/","name":"L\u2019atelier du Coon","description":"","potentialAction":[{"@type":"SearchAction","target":{"@type":"EntryPoint","urlTemplate":"https:\/\/latelierducoon.com\/?s={search_term_string}"},"query-input":{"@type":"PropertyValueSpecification","valueRequired":true,"valueName":"search_term_string"}}],"inLanguage":"fr-FR"}]}},"jetpack_sharing_enabled":true,"_links":{"self":[{"href":"https:\/\/latelierducoon.com\/index.php\/wp-json\/wp\/v2\/product\/1866","targetHints":{"allow":["GET"]}}],"collection":[{"href":"https:\/\/latelierducoon.com\/index.php\/wp-json\/wp\/v2\/product"}],"about":[{"href":"https:\/\/latelierducoon.com\/index.php\/wp-json\/wp\/v2\/types\/product"}],"replies":[{"embeddable":true,"href":"https:\/\/latelierducoon.com\/index.php\/wp-json\/wp\/v2\/comments?post=1866"}],"wp:featuredmedia":[{"embeddable":true,"href":"https:\/\/latelierducoon.com\/index.php\/wp-json\/wp\/v2\/media\/1869"}],"wp:attachment":[{"href":"https:\/\/latelierducoon.com\/index.php\/wp-json\/wp\/v2\/media?parent=1866"}],"wp:term":[{"taxonomy":"product_brand","embeddable":true,"href":"https:\/\/latelierducoon.com\/index.php\/wp-json\/wp\/v2\/product_brand?post=1866"},{"taxonomy":"product_cat","embeddable":true,"href":"https:\/\/latelierducoon.com\/index.php\/wp-json\/wp\/v2\/product_cat?post=1866"},{"taxonomy":"product_tag","embeddable":true,"href":"https:\/\/latelierducoon.com\/index.php\/wp-json\/wp\/v2\/product_tag?post=1866"}],"curies":[{"name":"wp","href":"https:\/\/api.w.org\/{rel}","templated":true}]}}