{"id":1918,"date":"2024-01-04T13:11:44","date_gmt":"2024-01-04T12:11:44","guid":{"rendered":"http:\/\/latelierducoon.com\/?post_type=product&#038;p=1918"},"modified":"2025-11-10T08:09:42","modified_gmt":"2025-11-10T07:09:42","slug":"la-fl-or-ie","status":"publish","type":"product","link":"https:\/\/latelierducoon.com\/index.php\/produit\/la-fl-or-ie\/","title":{"rendered":"La Fl-or-ie"},"content":{"rendered":"<p>Chaque m\u00e9daille est confectionn\u00e9e avec amour et attention, en utilisant des fleurs s\u00e9ch\u00e9es aux couleurs de votre choix.<\/p>\n<p>Faites de r\u00e9sine de qualit\u00e9 sup\u00e9rieure, nos m\u00e9dailles sont non seulement durables, mais elles capturent \u00e9galement la beaut\u00e9 intemporelle des fleurs qui les ornent. Chaque d\u00e9tail est soigneusement pens\u00e9 pour offrir un r\u00e9sultat esth\u00e9tique et raffin\u00e9.<\/p>\n<p>Nous comprenons l&rsquo;importance que votre animal de compagnie a dans votre vie. C&rsquo;est pourquoi nos m\u00e9dailles sont totalement personnalisables. Vous avez la possibilit\u00e9 de choisir les fleurs qui composeront la m\u00e9daille, ainsi que la forme et les couleurs. Nous voulons que chaque m\u00e9daille soit unique, comme votre animal de compagnie.<\/p>\n<p>En parcourant notre site, vous trouverez une large s\u00e9lection de m\u00e9dailles pour animaux en r\u00e9sine, allant des formes classiques aux designs plus originaux. Chaque m\u00e9daille est fabriqu\u00e9e \u00e0 la main avec le plus grand soin.<\/p>\n<p>\u3030\ufe0f Faites \u00e0 la main, mod\u00e8les uniques<br \/>\n\ud83c\udf38 Vous nous communiquez vos pr\u00e9f\u00e9rences de couleur(s) pour les fleurs.<br \/>\n\ud83d\udd87 2 choix d\u2019attaches : boucle d&rsquo;attache ou anneau classique<br \/>\n\ud83c\udf3c Transparente avec des feuilles d\u2019or ou d\u2019argent<br \/>\n\ud83d\udccf 6 tailles diff\u00e9rentes<\/p>\n<p>Le pr\u00e9nom est incorpor\u00e9 dans la r\u00e9sine. Le num\u00e9ro de t\u00e9l\u00e9phone au dos est recouvert d&rsquo;une fine couche de r\u00e9sine, pour une plus grande r\u00e9sistance dans le temps. (pas de risque de d\u00e9collement des lettres et chiffres)<\/p>\n<p>TOUTES LES INFORMATIONS NECESSAIRES SONT DANS LES PHOTOS<\/p>\n","protected":false},"excerpt":{"rendered":"<p>Embellissez le coup de votre loulou avec cette jolie m\u00e9daille Fl-or-ie. Une cr\u00e9ation unique que votre animal m\u00e9rite. Elle est personnalisable de A \u00e0 Z pour l&rsquo;assortir \u00e0 ses accessoires de promenade tout en garantissant sa s\u00e9curit\u00e9.<\/p>\n<p>&nbsp;<\/p>\n","protected":false},"featured_media":4581,"comment_status":"open","ping_status":"closed","template":"","meta":{"_et_pb_use_builder":"","_et_pb_old_content":"","_et_gb_content_width":""},"product_brand":[],"product_cat":[37,76,77,39,83],"product_tag":[],"class_list":{"0":"post-1918","1":"product","2":"type-product","3":"status-publish","4":"has-post-thumbnail","6":"product_cat-lunivers-des-chats","7":"product_cat-lunivers-des-chiens","8":"product_cat-nos-accessoires","9":"product_cat-medailles","10":"product_cat-tous-nos-accessoires","12":"first","13":"instock","14":"shipping-taxable","15":"purchasable","16":"product-type-variable"},"yoast_head":"<!-- This site is optimized with the Yoast SEO plugin v27.5 - https:\/\/yoast.com\/product\/yoast-seo-wordpress\/ -->\n<title>La Fl-or-ie - L\u2019atelier du Coon<\/title>\n<meta name=\"robots\" content=\"index, follow, max-snippet:-1, max-image-preview:large, max-video-preview:-1\" \/>\n<link rel=\"canonical\" href=\"https:\/\/latelierducoon.com\/index.php\/produit\/la-fl-or-ie\/\" \/>\n<meta property=\"og:locale\" content=\"fr_FR\" \/>\n<meta property=\"og:type\" content=\"article\" \/>\n<meta property=\"og:title\" content=\"La Fl-or-ie - L\u2019atelier du Coon\" \/>\n<meta property=\"og:description\" content=\"Embellissez le coup de votre loulou avec cette jolie m\u00e9daille Fl-or-ie. Une cr\u00e9ation unique que votre animal m\u00e9rite. Elle est personnalisable de A \u00e0 Z pour l&#039;assortir \u00e0 ses accessoires de promenade tout en garantissant sa s\u00e9curit\u00e9.  &nbsp;\" \/>\n<meta property=\"og:url\" content=\"https:\/\/latelierducoon.com\/index.php\/produit\/la-fl-or-ie\/\" \/>\n<meta property=\"og:site_name\" content=\"L\u2019atelier du Coon\" \/>\n<meta property=\"article:modified_time\" content=\"2025-11-10T07:09:42+00:00\" \/>\n<meta property=\"og:image\" content=\"http:\/\/latelierducoon.com\/wp-content\/uploads\/Taille-photo-principale-produit-wordpress-10.png\" \/>\n\t<meta property=\"og:image:width\" content=\"300\" \/>\n\t<meta property=\"og:image:height\" content=\"300\" \/>\n\t<meta property=\"og:image:type\" content=\"image\/png\" \/>\n<meta name=\"twitter:card\" content=\"summary_large_image\" \/>\n<meta name=\"twitter:label1\" content=\"Dur\u00e9e de lecture estim\u00e9e\" \/>\n\t<meta name=\"twitter:data1\" content=\"2 minutes\" \/>\n<script type=\"application\/ld+json\" class=\"yoast-schema-graph\">{\"@context\":\"https:\\\/\\\/schema.org\",\"@graph\":[{\"@type\":\"WebPage\",\"@id\":\"https:\\\/\\\/latelierducoon.com\\\/index.php\\\/produit\\\/la-fl-or-ie\\\/\",\"url\":\"https:\\\/\\\/latelierducoon.com\\\/index.php\\\/produit\\\/la-fl-or-ie\\\/\",\"name\":\"La Fl-or-ie - L\u2019atelier du Coon\",\"isPartOf\":{\"@id\":\"https:\\\/\\\/latelierducoon.com\\\/#website\"},\"primaryImageOfPage\":{\"@id\":\"https:\\\/\\\/latelierducoon.com\\\/index.php\\\/produit\\\/la-fl-or-ie\\\/#primaryimage\"},\"image\":{\"@id\":\"https:\\\/\\\/latelierducoon.com\\\/index.php\\\/produit\\\/la-fl-or-ie\\\/#primaryimage\"},\"thumbnailUrl\":\"https:\\\/\\\/latelierducoon.com\\\/wp-content\\\/uploads\\\/Taille-photo-principale-produit-wordpress-10.png\",\"datePublished\":\"2024-01-04T12:11:44+00:00\",\"dateModified\":\"2025-11-10T07:09:42+00:00\",\"breadcrumb\":{\"@id\":\"https:\\\/\\\/latelierducoon.com\\\/index.php\\\/produit\\\/la-fl-or-ie\\\/#breadcrumb\"},\"inLanguage\":\"fr-FR\",\"potentialAction\":[{\"@type\":\"ReadAction\",\"target\":[\"https:\\\/\\\/latelierducoon.com\\\/index.php\\\/produit\\\/la-fl-or-ie\\\/\"]}]},{\"@type\":\"ImageObject\",\"inLanguage\":\"fr-FR\",\"@id\":\"https:\\\/\\\/latelierducoon.com\\\/index.php\\\/produit\\\/la-fl-or-ie\\\/#primaryimage\",\"url\":\"https:\\\/\\\/latelierducoon.com\\\/wp-content\\\/uploads\\\/Taille-photo-principale-produit-wordpress-10.png\",\"contentUrl\":\"https:\\\/\\\/latelierducoon.com\\\/wp-content\\\/uploads\\\/Taille-photo-principale-produit-wordpress-10.png\",\"width\":300,\"height\":300,\"caption\":\"m\u00e9daille r\u00e9sine chien chat fait main fleurs s\u00e9ch\u00e9es\"},{\"@type\":\"BreadcrumbList\",\"@id\":\"https:\\\/\\\/latelierducoon.com\\\/index.php\\\/produit\\\/la-fl-or-ie\\\/#breadcrumb\",\"itemListElement\":[{\"@type\":\"ListItem\",\"position\":1,\"name\":\"Home\",\"item\":\"https:\\\/\\\/latelierducoon.com\\\/\"},{\"@type\":\"ListItem\",\"position\":2,\"name\":\"Accueil\",\"item\":\"https:\\\/\\\/latelierducoon.com\\\/\"},{\"@type\":\"ListItem\",\"position\":3,\"name\":\"La Fl-or-ie\"}]},{\"@type\":\"WebSite\",\"@id\":\"https:\\\/\\\/latelierducoon.com\\\/#website\",\"url\":\"https:\\\/\\\/latelierducoon.com\\\/\",\"name\":\"L\u2019atelier du Coon\",\"description\":\"\",\"potentialAction\":[{\"@type\":\"SearchAction\",\"target\":{\"@type\":\"EntryPoint\",\"urlTemplate\":\"https:\\\/\\\/latelierducoon.com\\\/?s={search_term_string}\"},\"query-input\":{\"@type\":\"PropertyValueSpecification\",\"valueRequired\":true,\"valueName\":\"search_term_string\"}}],\"inLanguage\":\"fr-FR\"}]}<\/script>\n<!-- \/ Yoast SEO plugin. -->","yoast_head_json":{"title":"La Fl-or-ie - L\u2019atelier du Coon","robots":{"index":"index","follow":"follow","max-snippet":"max-snippet:-1","max-image-preview":"max-image-preview:large","max-video-preview":"max-video-preview:-1"},"canonical":"https:\/\/latelierducoon.com\/index.php\/produit\/la-fl-or-ie\/","og_locale":"fr_FR","og_type":"article","og_title":"La Fl-or-ie - L\u2019atelier du Coon","og_description":"Embellissez le coup de votre loulou avec cette jolie m\u00e9daille Fl-or-ie. Une cr\u00e9ation unique que votre animal m\u00e9rite. Elle est personnalisable de A \u00e0 Z pour l'assortir \u00e0 ses accessoires de promenade tout en garantissant sa s\u00e9curit\u00e9.  &nbsp;","og_url":"https:\/\/latelierducoon.com\/index.php\/produit\/la-fl-or-ie\/","og_site_name":"L\u2019atelier du Coon","article_modified_time":"2025-11-10T07:09:42+00:00","og_image":[{"width":300,"height":300,"url":"http:\/\/latelierducoon.com\/wp-content\/uploads\/Taille-photo-principale-produit-wordpress-10.png","type":"image\/png"}],"twitter_card":"summary_large_image","twitter_misc":{"Dur\u00e9e de lecture estim\u00e9e":"2 minutes"},"schema":{"@context":"https:\/\/schema.org","@graph":[{"@type":"WebPage","@id":"https:\/\/latelierducoon.com\/index.php\/produit\/la-fl-or-ie\/","url":"https:\/\/latelierducoon.com\/index.php\/produit\/la-fl-or-ie\/","name":"La Fl-or-ie - L\u2019atelier du Coon","isPartOf":{"@id":"https:\/\/latelierducoon.com\/#website"},"primaryImageOfPage":{"@id":"https:\/\/latelierducoon.com\/index.php\/produit\/la-fl-or-ie\/#primaryimage"},"image":{"@id":"https:\/\/latelierducoon.com\/index.php\/produit\/la-fl-or-ie\/#primaryimage"},"thumbnailUrl":"https:\/\/latelierducoon.com\/wp-content\/uploads\/Taille-photo-principale-produit-wordpress-10.png","datePublished":"2024-01-04T12:11:44+00:00","dateModified":"2025-11-10T07:09:42+00:00","breadcrumb":{"@id":"https:\/\/latelierducoon.com\/index.php\/produit\/la-fl-or-ie\/#breadcrumb"},"inLanguage":"fr-FR","potentialAction":[{"@type":"ReadAction","target":["https:\/\/latelierducoon.com\/index.php\/produit\/la-fl-or-ie\/"]}]},{"@type":"ImageObject","inLanguage":"fr-FR","@id":"https:\/\/latelierducoon.com\/index.php\/produit\/la-fl-or-ie\/#primaryimage","url":"https:\/\/latelierducoon.com\/wp-content\/uploads\/Taille-photo-principale-produit-wordpress-10.png","contentUrl":"https:\/\/latelierducoon.com\/wp-content\/uploads\/Taille-photo-principale-produit-wordpress-10.png","width":300,"height":300,"caption":"m\u00e9daille r\u00e9sine chien chat fait main fleurs s\u00e9ch\u00e9es"},{"@type":"BreadcrumbList","@id":"https:\/\/latelierducoon.com\/index.php\/produit\/la-fl-or-ie\/#breadcrumb","itemListElement":[{"@type":"ListItem","position":1,"name":"Home","item":"https:\/\/latelierducoon.com\/"},{"@type":"ListItem","position":2,"name":"Accueil","item":"https:\/\/latelierducoon.com\/"},{"@type":"ListItem","position":3,"name":"La Fl-or-ie"}]},{"@type":"WebSite","@id":"https:\/\/latelierducoon.com\/#website","url":"https:\/\/latelierducoon.com\/","name":"L\u2019atelier du Coon","description":"","potentialAction":[{"@type":"SearchAction","target":{"@type":"EntryPoint","urlTemplate":"https:\/\/latelierducoon.com\/?s={search_term_string}"},"query-input":{"@type":"PropertyValueSpecification","valueRequired":true,"valueName":"search_term_string"}}],"inLanguage":"fr-FR"}]}},"jetpack_sharing_enabled":true,"_links":{"self":[{"href":"https:\/\/latelierducoon.com\/index.php\/wp-json\/wp\/v2\/product\/1918","targetHints":{"allow":["GET"]}}],"collection":[{"href":"https:\/\/latelierducoon.com\/index.php\/wp-json\/wp\/v2\/product"}],"about":[{"href":"https:\/\/latelierducoon.com\/index.php\/wp-json\/wp\/v2\/types\/product"}],"replies":[{"embeddable":true,"href":"https:\/\/latelierducoon.com\/index.php\/wp-json\/wp\/v2\/comments?post=1918"}],"wp:featuredmedia":[{"embeddable":true,"href":"https:\/\/latelierducoon.com\/index.php\/wp-json\/wp\/v2\/media\/4581"}],"wp:attachment":[{"href":"https:\/\/latelierducoon.com\/index.php\/wp-json\/wp\/v2\/media?parent=1918"}],"wp:term":[{"taxonomy":"product_brand","embeddable":true,"href":"https:\/\/latelierducoon.com\/index.php\/wp-json\/wp\/v2\/product_brand?post=1918"},{"taxonomy":"product_cat","embeddable":true,"href":"https:\/\/latelierducoon.com\/index.php\/wp-json\/wp\/v2\/product_cat?post=1918"},{"taxonomy":"product_tag","embeddable":true,"href":"https:\/\/latelierducoon.com\/index.php\/wp-json\/wp\/v2\/product_tag?post=1918"}],"curies":[{"name":"wp","href":"https:\/\/api.w.org\/{rel}","templated":true}]}}