{"id":2146,"date":"2024-01-04T14:15:18","date_gmt":"2024-01-04T13:15:18","guid":{"rendered":"http:\/\/latelierducoon.com\/?post_type=product&#038;p=2146"},"modified":"2025-06-19T17:04:57","modified_gmt":"2025-06-19T15:04:57","slug":"la-marbree","status":"publish","type":"product","link":"https:\/\/latelierducoon.com\/index.php\/produit\/la-marbree\/","title":{"rendered":"La Marbr\u00e9e"},"content":{"rendered":"<p>La m\u00e9daille Marbr\u00e9e pour animaux en r\u00e9sine est une cr\u00e9ation unique, fabriqu\u00e9e avec soin \u00e0 la main. La r\u00e9sine de haute qualit\u00e9 garantit une durabilit\u00e9 exceptionnelle et r\u00e9siste aux \u00e9ventuels chocs du quotidien de votre compagnon.<\/p>\n<p>Cette m\u00e9daille se distingue par son design \u00e9l\u00e9gant et sophistiqu\u00e9, gr\u00e2ce aux magnifiques feuilles d&rsquo;or ou d&rsquo;argent utilis\u00e9es dans sa conception. Chacune de ces feuilles pr\u00e9cieuses est appliqu\u00e9e avec minutie, ajoutant une touche de luxe \u00e0 la m\u00e9daille.<\/p>\n<p>La marbrure offre un aspect artistique unique \u00e0 chaque m\u00e9daille, aucun mod\u00e8le ne se ressemble. Cette technique donne un effet marbr\u00e9 naturel, cr\u00e9ant un contraste subtil entre les diff\u00e9rentes teintes utilis\u00e9es.<\/p>\n<p>L&rsquo;une des particularit\u00e9s de cette m\u00e9daille est la possibilit\u00e9 de choisir entre deux couleurs pour le flocage du pr\u00e9nom de votre animal. Que vous pr\u00e9f\u00e9riez un ton dor\u00e9 ou argent\u00e9, vous pourrez personnaliser la m\u00e9daille selon vos pr\u00e9f\u00e9rences esth\u00e9tiques.<\/p>\n<p>Gr\u00e2ce \u00e0 son design haut de gamme et personnalis\u00e9, cette m\u00e9daille marbr\u00e9e en r\u00e9sine sera le bijou id\u00e9al pour mettre en valeur l&rsquo;identit\u00e9 de votre compagnon \u00e0 quatre pattes. Il attirera les regards admiratifs et ajoutera une touche de raffinement \u00e0 son allure.<\/p>\n<p>Offrez \u00e0 votre animal de compagnie une m\u00e9daille unique et \u00e9l\u00e9gante, alliant le savoir-faire artisanal \u00e0 la beaut\u00e9 des mat\u00e9riaux nobles. Cette m\u00e9daille marbr\u00e9e en r\u00e9sine, confectionn\u00e9e \u00e0 la main, saura repr\u00e9senter de mani\u00e8re exceptionnelle l&rsquo;amour et l&rsquo;attachement que vous lui portez.<\/p>\n<p>\u26a0\ufe0fChaque m\u00e9daille aura un marbrage unique, je ne peux pas faire 2 m\u00e9dailles identiques\u26a0\ufe0f<br \/>\n\ud83d\udd87 2 choix d\u2019attaches : boucle d&rsquo;attache ou anneau classique<br \/>\n\ud83c\udf3c Feuilles d\u2019or ou d\u2019argent<br \/>\n\ud83d\udd24 Pr\u00e9nom argent\u00e9 ou dor\u00e9<br \/>\n\ud83d\udccf 6 tailles diff\u00e9rentes<br \/>\n\ud83d\udd22 Num\u00e9ro ajout\u00e9 ou non au dos de la m\u00e9daille<\/p>\n<p>Le pr\u00e9nom est recouvert de r\u00e9sine. Le num\u00e9ro de t\u00e9l\u00e9phone au dos est recouvert d&rsquo;une fine couche de r\u00e9sine, pour une plus grande r\u00e9sistance dans le temps. (pas de risque de d\u00e9collement des lettres et chiffres)<\/p>\n<p><strong>TOUTES LES INFORMATIONS NECESSAIRES SONT DANS LES PHOTOS<\/strong><\/p>\n","protected":false},"excerpt":{"rendered":"<p>Embellissez le coup de votre loulou avec cette jolie m\u00e9daille Marbr\u00e9e. Une cr\u00e9ation unique que votre animal m\u00e9rite. Elle est personnalisable de A \u00e0 Z pour l&rsquo;assortir \u00e0 ses accessoires de promenade tout en garantissant sa s\u00e9curit\u00e9.<\/p>\n<p>Cr\u00e9ation exclusive L&rsquo;atelier du Coon<\/p>\n","protected":false},"featured_media":4589,"comment_status":"open","ping_status":"closed","template":"","meta":{"_et_pb_use_builder":"","_et_pb_old_content":"","_et_gb_content_width":""},"product_brand":[],"product_cat":[37,76,77,39,83],"product_tag":[],"class_list":{"0":"post-2146","1":"product","2":"type-product","3":"status-publish","4":"has-post-thumbnail","6":"product_cat-lunivers-des-chats","7":"product_cat-lunivers-des-chiens","8":"product_cat-nos-accessoires","9":"product_cat-medailles","10":"product_cat-tous-nos-accessoires","12":"first","13":"instock","14":"shipping-taxable","15":"purchasable","16":"product-type-variable"},"yoast_head":"<!-- This site is optimized with the Yoast SEO plugin v27.5 - https:\/\/yoast.com\/product\/yoast-seo-wordpress\/ -->\n<title>La Marbr\u00e9e - L\u2019atelier du Coon<\/title>\n<meta name=\"robots\" content=\"index, follow, max-snippet:-1, max-image-preview:large, max-video-preview:-1\" \/>\n<link rel=\"canonical\" href=\"https:\/\/latelierducoon.com\/index.php\/produit\/la-marbree\/\" \/>\n<meta property=\"og:locale\" content=\"fr_FR\" \/>\n<meta property=\"og:type\" content=\"article\" \/>\n<meta property=\"og:title\" content=\"La Marbr\u00e9e - L\u2019atelier du Coon\" \/>\n<meta property=\"og:description\" content=\"Embellissez le coup de votre loulou avec cette jolie m\u00e9daille Marbr\u00e9e. Une cr\u00e9ation unique que votre animal m\u00e9rite. Elle est personnalisable de A \u00e0 Z pour l&#039;assortir \u00e0 ses accessoires de promenade tout en garantissant sa s\u00e9curit\u00e9.  Cr\u00e9ation exclusive L&#039;atelier du Coon\" \/>\n<meta property=\"og:url\" content=\"https:\/\/latelierducoon.com\/index.php\/produit\/la-marbree\/\" \/>\n<meta property=\"og:site_name\" content=\"L\u2019atelier du Coon\" \/>\n<meta property=\"article:modified_time\" content=\"2025-06-19T15:04:57+00:00\" \/>\n<meta property=\"og:image\" content=\"http:\/\/latelierducoon.com\/wp-content\/uploads\/8-8.png\" \/>\n\t<meta property=\"og:image:width\" content=\"300\" \/>\n\t<meta property=\"og:image:height\" content=\"300\" \/>\n\t<meta property=\"og:image:type\" content=\"image\/png\" \/>\n<meta name=\"twitter:card\" content=\"summary_large_image\" \/>\n<meta name=\"twitter:label1\" content=\"Dur\u00e9e de lecture estim\u00e9e\" \/>\n\t<meta name=\"twitter:data1\" content=\"2 minutes\" \/>\n<script type=\"application\/ld+json\" class=\"yoast-schema-graph\">{\"@context\":\"https:\\\/\\\/schema.org\",\"@graph\":[{\"@type\":\"WebPage\",\"@id\":\"https:\\\/\\\/latelierducoon.com\\\/index.php\\\/produit\\\/la-marbree\\\/\",\"url\":\"https:\\\/\\\/latelierducoon.com\\\/index.php\\\/produit\\\/la-marbree\\\/\",\"name\":\"La Marbr\u00e9e - L\u2019atelier du Coon\",\"isPartOf\":{\"@id\":\"https:\\\/\\\/latelierducoon.com\\\/#website\"},\"primaryImageOfPage\":{\"@id\":\"https:\\\/\\\/latelierducoon.com\\\/index.php\\\/produit\\\/la-marbree\\\/#primaryimage\"},\"image\":{\"@id\":\"https:\\\/\\\/latelierducoon.com\\\/index.php\\\/produit\\\/la-marbree\\\/#primaryimage\"},\"thumbnailUrl\":\"https:\\\/\\\/latelierducoon.com\\\/wp-content\\\/uploads\\\/8-8.png\",\"datePublished\":\"2024-01-04T13:15:18+00:00\",\"dateModified\":\"2025-06-19T15:04:57+00:00\",\"breadcrumb\":{\"@id\":\"https:\\\/\\\/latelierducoon.com\\\/index.php\\\/produit\\\/la-marbree\\\/#breadcrumb\"},\"inLanguage\":\"fr-FR\",\"potentialAction\":[{\"@type\":\"ReadAction\",\"target\":[\"https:\\\/\\\/latelierducoon.com\\\/index.php\\\/produit\\\/la-marbree\\\/\"]}]},{\"@type\":\"ImageObject\",\"inLanguage\":\"fr-FR\",\"@id\":\"https:\\\/\\\/latelierducoon.com\\\/index.php\\\/produit\\\/la-marbree\\\/#primaryimage\",\"url\":\"https:\\\/\\\/latelierducoon.com\\\/wp-content\\\/uploads\\\/8-8.png\",\"contentUrl\":\"https:\\\/\\\/latelierducoon.com\\\/wp-content\\\/uploads\\\/8-8.png\",\"width\":300,\"height\":300,\"caption\":\"m\u00e9daille r\u00e9sine chien chat fait main marbr\u00e9 marbrage unique\"},{\"@type\":\"BreadcrumbList\",\"@id\":\"https:\\\/\\\/latelierducoon.com\\\/index.php\\\/produit\\\/la-marbree\\\/#breadcrumb\",\"itemListElement\":[{\"@type\":\"ListItem\",\"position\":1,\"name\":\"Home\",\"item\":\"https:\\\/\\\/latelierducoon.com\\\/\"},{\"@type\":\"ListItem\",\"position\":2,\"name\":\"Accueil\",\"item\":\"https:\\\/\\\/latelierducoon.com\\\/\"},{\"@type\":\"ListItem\",\"position\":3,\"name\":\"La Marbr\u00e9e\"}]},{\"@type\":\"WebSite\",\"@id\":\"https:\\\/\\\/latelierducoon.com\\\/#website\",\"url\":\"https:\\\/\\\/latelierducoon.com\\\/\",\"name\":\"L\u2019atelier du Coon\",\"description\":\"\",\"potentialAction\":[{\"@type\":\"SearchAction\",\"target\":{\"@type\":\"EntryPoint\",\"urlTemplate\":\"https:\\\/\\\/latelierducoon.com\\\/?s={search_term_string}\"},\"query-input\":{\"@type\":\"PropertyValueSpecification\",\"valueRequired\":true,\"valueName\":\"search_term_string\"}}],\"inLanguage\":\"fr-FR\"}]}<\/script>\n<!-- \/ Yoast SEO plugin. -->","yoast_head_json":{"title":"La Marbr\u00e9e - L\u2019atelier du Coon","robots":{"index":"index","follow":"follow","max-snippet":"max-snippet:-1","max-image-preview":"max-image-preview:large","max-video-preview":"max-video-preview:-1"},"canonical":"https:\/\/latelierducoon.com\/index.php\/produit\/la-marbree\/","og_locale":"fr_FR","og_type":"article","og_title":"La Marbr\u00e9e - L\u2019atelier du Coon","og_description":"Embellissez le coup de votre loulou avec cette jolie m\u00e9daille Marbr\u00e9e. Une cr\u00e9ation unique que votre animal m\u00e9rite. Elle est personnalisable de A \u00e0 Z pour l'assortir \u00e0 ses accessoires de promenade tout en garantissant sa s\u00e9curit\u00e9.  Cr\u00e9ation exclusive L'atelier du Coon","og_url":"https:\/\/latelierducoon.com\/index.php\/produit\/la-marbree\/","og_site_name":"L\u2019atelier du Coon","article_modified_time":"2025-06-19T15:04:57+00:00","og_image":[{"width":300,"height":300,"url":"http:\/\/latelierducoon.com\/wp-content\/uploads\/8-8.png","type":"image\/png"}],"twitter_card":"summary_large_image","twitter_misc":{"Dur\u00e9e de lecture estim\u00e9e":"2 minutes"},"schema":{"@context":"https:\/\/schema.org","@graph":[{"@type":"WebPage","@id":"https:\/\/latelierducoon.com\/index.php\/produit\/la-marbree\/","url":"https:\/\/latelierducoon.com\/index.php\/produit\/la-marbree\/","name":"La Marbr\u00e9e - L\u2019atelier du Coon","isPartOf":{"@id":"https:\/\/latelierducoon.com\/#website"},"primaryImageOfPage":{"@id":"https:\/\/latelierducoon.com\/index.php\/produit\/la-marbree\/#primaryimage"},"image":{"@id":"https:\/\/latelierducoon.com\/index.php\/produit\/la-marbree\/#primaryimage"},"thumbnailUrl":"https:\/\/latelierducoon.com\/wp-content\/uploads\/8-8.png","datePublished":"2024-01-04T13:15:18+00:00","dateModified":"2025-06-19T15:04:57+00:00","breadcrumb":{"@id":"https:\/\/latelierducoon.com\/index.php\/produit\/la-marbree\/#breadcrumb"},"inLanguage":"fr-FR","potentialAction":[{"@type":"ReadAction","target":["https:\/\/latelierducoon.com\/index.php\/produit\/la-marbree\/"]}]},{"@type":"ImageObject","inLanguage":"fr-FR","@id":"https:\/\/latelierducoon.com\/index.php\/produit\/la-marbree\/#primaryimage","url":"https:\/\/latelierducoon.com\/wp-content\/uploads\/8-8.png","contentUrl":"https:\/\/latelierducoon.com\/wp-content\/uploads\/8-8.png","width":300,"height":300,"caption":"m\u00e9daille r\u00e9sine chien chat fait main marbr\u00e9 marbrage unique"},{"@type":"BreadcrumbList","@id":"https:\/\/latelierducoon.com\/index.php\/produit\/la-marbree\/#breadcrumb","itemListElement":[{"@type":"ListItem","position":1,"name":"Home","item":"https:\/\/latelierducoon.com\/"},{"@type":"ListItem","position":2,"name":"Accueil","item":"https:\/\/latelierducoon.com\/"},{"@type":"ListItem","position":3,"name":"La Marbr\u00e9e"}]},{"@type":"WebSite","@id":"https:\/\/latelierducoon.com\/#website","url":"https:\/\/latelierducoon.com\/","name":"L\u2019atelier du Coon","description":"","potentialAction":[{"@type":"SearchAction","target":{"@type":"EntryPoint","urlTemplate":"https:\/\/latelierducoon.com\/?s={search_term_string}"},"query-input":{"@type":"PropertyValueSpecification","valueRequired":true,"valueName":"search_term_string"}}],"inLanguage":"fr-FR"}]}},"jetpack_sharing_enabled":true,"_links":{"self":[{"href":"https:\/\/latelierducoon.com\/index.php\/wp-json\/wp\/v2\/product\/2146","targetHints":{"allow":["GET"]}}],"collection":[{"href":"https:\/\/latelierducoon.com\/index.php\/wp-json\/wp\/v2\/product"}],"about":[{"href":"https:\/\/latelierducoon.com\/index.php\/wp-json\/wp\/v2\/types\/product"}],"replies":[{"embeddable":true,"href":"https:\/\/latelierducoon.com\/index.php\/wp-json\/wp\/v2\/comments?post=2146"}],"wp:featuredmedia":[{"embeddable":true,"href":"https:\/\/latelierducoon.com\/index.php\/wp-json\/wp\/v2\/media\/4589"}],"wp:attachment":[{"href":"https:\/\/latelierducoon.com\/index.php\/wp-json\/wp\/v2\/media?parent=2146"}],"wp:term":[{"taxonomy":"product_brand","embeddable":true,"href":"https:\/\/latelierducoon.com\/index.php\/wp-json\/wp\/v2\/product_brand?post=2146"},{"taxonomy":"product_cat","embeddable":true,"href":"https:\/\/latelierducoon.com\/index.php\/wp-json\/wp\/v2\/product_cat?post=2146"},{"taxonomy":"product_tag","embeddable":true,"href":"https:\/\/latelierducoon.com\/index.php\/wp-json\/wp\/v2\/product_tag?post=2146"}],"curies":[{"name":"wp","href":"https:\/\/api.w.org\/{rel}","templated":true}]}}