{"id":2409,"date":"2024-01-09T16:36:20","date_gmt":"2024-01-09T15:36:20","guid":{"rendered":"http:\/\/latelierducoon.com\/?post_type=product&#038;p=2409"},"modified":"2025-02-04T08:37:37","modified_gmt":"2025-02-04T07:37:37","slug":"les-plume-aux","status":"publish","type":"product","link":"https:\/\/latelierducoon.com\/index.php\/produit\/les-plume-aux\/","title":{"rendered":"Les Plume-aux"},"content":{"rendered":"<p>Voici notre Plume-au en laine oeko-tex, fait \u00e0 la main avec amour, fabriqu\u00e9 en utilisant des techniques traditionnelles de macram\u00e9.<\/p>\n<p>Le plumeau est compos\u00e9 de fils de laine naturelle, qui procurent une texture agr\u00e9able et douce au toucher. Sa forme l\u00e9g\u00e8rement en forme de plume permet \u00e0 votre chat de l&rsquo;attraper facilement et de s&rsquo;amuser pendant des heures.<\/p>\n<p>Pour ajouter une touche naturelle, nous avons int\u00e9gr\u00e9 un bel anneau en bois naturel, qui est non seulement esth\u00e9tique mais \u00e9galement s\u00fbr pour votre animal de compagnie. Sa forme ronde permet \u00e0 votre chat de l&rsquo;attraper et de mordiller en toute s\u00e9curit\u00e9.<\/p>\n<p>En plus d&rsquo;\u00eatre un jouet ludique pour votre chat, ce plumeau en laine en macram\u00e9 peut \u00e9galement servir de d\u00e9coration unique pour votre int\u00e9rieur. Accrochez-le \u00e0 une \u00e9tag\u00e8re, \u00e0 une poign\u00e9e de porte ou \u00e0 un arbre \u00e0 chat et apportez une touche de style \u00e0 votre maison.<\/p>\n<p>Les chats adorent jouer et chasser, et notre plumeau en laine en macram\u00e9 saura satisfaire leurs instincts naturels tout en les divertissant. Offrez \u00e0 votre chat un jouet \u00e0 la fois ludique, s\u00e9curitaire et esth\u00e9tique avec notre plumeau fait \u00e0 la main.<\/p>\n<p>Donnez \u00e0 votre chat le cadeau qu&rsquo;il m\u00e9rite avec notre plumeau en laine en macram\u00e9 fait \u00e0 la main avec un anneau en bois naturel. Faites plaisir \u00e0 votre chat et apportez une touche de style \u00e0 votre int\u00e9rieur en m\u00eame temps. Alors n&rsquo;attendez plus et commandez le plumeau parfait pour votre f\u00e9lin joueur d\u00e8s maintenant !<\/p>\n","protected":false},"excerpt":{"rendered":"<p>Le Plume-au<br \/>\n_____<br \/>\n\ud83d\udcad De quoi chatouiller les moustaches de votre Matou<br \/>\n\u2014\u2014\u2014<br \/>\nFaits enti\u00e8rement \u00e0 la main<br \/>\nAnneau en bois naturel, id\u00e9al pour maintenir une bonne hygi\u00e8ne bucco-dentaire gr\u00e2ce \u00e0 la mastication.<br \/>\nLaine garantie Oeko-tex, en fibre naturelle de coton, pour le bien \u00eatre de votre Loulou<\/p>\n<p>Disponibles en 3 coloris<\/p>\n","protected":false},"featured_media":4410,"comment_status":"open","ping_status":"closed","template":"","meta":{"_et_pb_use_builder":"","_et_pb_old_content":"","_et_gb_content_width":""},"product_brand":[],"product_cat":[37,41],"product_tag":[],"class_list":{"0":"post-2409","1":"product","2":"type-product","3":"status-publish","4":"has-post-thumbnail","6":"product_cat-lunivers-des-chats","7":"product_cat-jouets","9":"first","10":"instock","11":"shipping-taxable","12":"purchasable","13":"product-type-variable"},"yoast_head":"<!-- This site is optimized with the Yoast SEO plugin v27.5 - https:\/\/yoast.com\/product\/yoast-seo-wordpress\/ -->\n<title>Les Plume-aux - L\u2019atelier du Coon<\/title>\n<meta name=\"robots\" content=\"index, follow, max-snippet:-1, max-image-preview:large, max-video-preview:-1\" \/>\n<link rel=\"canonical\" href=\"https:\/\/latelierducoon.com\/index.php\/produit\/les-plume-aux\/\" \/>\n<meta property=\"og:locale\" content=\"fr_FR\" \/>\n<meta property=\"og:type\" content=\"article\" \/>\n<meta property=\"og:title\" content=\"Les Plume-aux - L\u2019atelier du Coon\" \/>\n<meta property=\"og:description\" content=\"Le Plume-au _____ \ud83d\udcad De quoi chatouiller les moustaches de votre Matou \u2014\u2014\u2014 Faits enti\u00e8rement \u00e0 la main Anneau en bois naturel, id\u00e9al pour maintenir une bonne hygi\u00e8ne bucco-dentaire gr\u00e2ce \u00e0 la mastication. Laine garantie Oeko-tex, en fibre naturelle de coton, pour le bien \u00eatre de votre Loulou  Disponibles en 3 coloris\" \/>\n<meta property=\"og:url\" content=\"https:\/\/latelierducoon.com\/index.php\/produit\/les-plume-aux\/\" \/>\n<meta property=\"og:site_name\" content=\"L\u2019atelier du Coon\" \/>\n<meta property=\"article:modified_time\" content=\"2025-02-04T07:37:37+00:00\" \/>\n<meta property=\"og:image\" content=\"http:\/\/latelierducoon.com\/wp-content\/uploads\/Copie-de-La-Pixel-2.png\" \/>\n\t<meta property=\"og:image:width\" content=\"600\" \/>\n\t<meta property=\"og:image:height\" content=\"800\" \/>\n\t<meta property=\"og:image:type\" content=\"image\/png\" \/>\n<meta name=\"twitter:card\" content=\"summary_large_image\" \/>\n<meta name=\"twitter:label1\" content=\"Dur\u00e9e de lecture estim\u00e9e\" \/>\n\t<meta name=\"twitter:data1\" content=\"2 minutes\" \/>\n<script type=\"application\/ld+json\" class=\"yoast-schema-graph\">{\"@context\":\"https:\\\/\\\/schema.org\",\"@graph\":[{\"@type\":\"WebPage\",\"@id\":\"https:\\\/\\\/latelierducoon.com\\\/index.php\\\/produit\\\/les-plume-aux\\\/\",\"url\":\"https:\\\/\\\/latelierducoon.com\\\/index.php\\\/produit\\\/les-plume-aux\\\/\",\"name\":\"Les Plume-aux - L\u2019atelier du Coon\",\"isPartOf\":{\"@id\":\"https:\\\/\\\/latelierducoon.com\\\/#website\"},\"primaryImageOfPage\":{\"@id\":\"https:\\\/\\\/latelierducoon.com\\\/index.php\\\/produit\\\/les-plume-aux\\\/#primaryimage\"},\"image\":{\"@id\":\"https:\\\/\\\/latelierducoon.com\\\/index.php\\\/produit\\\/les-plume-aux\\\/#primaryimage\"},\"thumbnailUrl\":\"https:\\\/\\\/latelierducoon.com\\\/wp-content\\\/uploads\\\/Copie-de-La-Pixel-2.png\",\"datePublished\":\"2024-01-09T15:36:20+00:00\",\"dateModified\":\"2025-02-04T07:37:37+00:00\",\"breadcrumb\":{\"@id\":\"https:\\\/\\\/latelierducoon.com\\\/index.php\\\/produit\\\/les-plume-aux\\\/#breadcrumb\"},\"inLanguage\":\"fr-FR\",\"potentialAction\":[{\"@type\":\"ReadAction\",\"target\":[\"https:\\\/\\\/latelierducoon.com\\\/index.php\\\/produit\\\/les-plume-aux\\\/\"]}]},{\"@type\":\"ImageObject\",\"inLanguage\":\"fr-FR\",\"@id\":\"https:\\\/\\\/latelierducoon.com\\\/index.php\\\/produit\\\/les-plume-aux\\\/#primaryimage\",\"url\":\"https:\\\/\\\/latelierducoon.com\\\/wp-content\\\/uploads\\\/Copie-de-La-Pixel-2.png\",\"contentUrl\":\"https:\\\/\\\/latelierducoon.com\\\/wp-content\\\/uploads\\\/Copie-de-La-Pixel-2.png\",\"width\":600,\"height\":800,\"caption\":\"plume laine macram\u00e9 chat fait main anneau bois hygi\u00e8ne dentaire jouet\"},{\"@type\":\"BreadcrumbList\",\"@id\":\"https:\\\/\\\/latelierducoon.com\\\/index.php\\\/produit\\\/les-plume-aux\\\/#breadcrumb\",\"itemListElement\":[{\"@type\":\"ListItem\",\"position\":1,\"name\":\"Home\",\"item\":\"https:\\\/\\\/latelierducoon.com\\\/\"},{\"@type\":\"ListItem\",\"position\":2,\"name\":\"Accueil\",\"item\":\"https:\\\/\\\/latelierducoon.com\\\/\"},{\"@type\":\"ListItem\",\"position\":3,\"name\":\"Les Plume-aux\"}]},{\"@type\":\"WebSite\",\"@id\":\"https:\\\/\\\/latelierducoon.com\\\/#website\",\"url\":\"https:\\\/\\\/latelierducoon.com\\\/\",\"name\":\"L\u2019atelier du Coon\",\"description\":\"\",\"potentialAction\":[{\"@type\":\"SearchAction\",\"target\":{\"@type\":\"EntryPoint\",\"urlTemplate\":\"https:\\\/\\\/latelierducoon.com\\\/?s={search_term_string}\"},\"query-input\":{\"@type\":\"PropertyValueSpecification\",\"valueRequired\":true,\"valueName\":\"search_term_string\"}}],\"inLanguage\":\"fr-FR\"}]}<\/script>\n<!-- \/ Yoast SEO plugin. -->","yoast_head_json":{"title":"Les Plume-aux - L\u2019atelier du Coon","robots":{"index":"index","follow":"follow","max-snippet":"max-snippet:-1","max-image-preview":"max-image-preview:large","max-video-preview":"max-video-preview:-1"},"canonical":"https:\/\/latelierducoon.com\/index.php\/produit\/les-plume-aux\/","og_locale":"fr_FR","og_type":"article","og_title":"Les Plume-aux - L\u2019atelier du Coon","og_description":"Le Plume-au _____ \ud83d\udcad De quoi chatouiller les moustaches de votre Matou \u2014\u2014\u2014 Faits enti\u00e8rement \u00e0 la main Anneau en bois naturel, id\u00e9al pour maintenir une bonne hygi\u00e8ne bucco-dentaire gr\u00e2ce \u00e0 la mastication. Laine garantie Oeko-tex, en fibre naturelle de coton, pour le bien \u00eatre de votre Loulou  Disponibles en 3 coloris","og_url":"https:\/\/latelierducoon.com\/index.php\/produit\/les-plume-aux\/","og_site_name":"L\u2019atelier du Coon","article_modified_time":"2025-02-04T07:37:37+00:00","og_image":[{"width":600,"height":800,"url":"http:\/\/latelierducoon.com\/wp-content\/uploads\/Copie-de-La-Pixel-2.png","type":"image\/png"}],"twitter_card":"summary_large_image","twitter_misc":{"Dur\u00e9e de lecture estim\u00e9e":"2 minutes"},"schema":{"@context":"https:\/\/schema.org","@graph":[{"@type":"WebPage","@id":"https:\/\/latelierducoon.com\/index.php\/produit\/les-plume-aux\/","url":"https:\/\/latelierducoon.com\/index.php\/produit\/les-plume-aux\/","name":"Les Plume-aux - L\u2019atelier du Coon","isPartOf":{"@id":"https:\/\/latelierducoon.com\/#website"},"primaryImageOfPage":{"@id":"https:\/\/latelierducoon.com\/index.php\/produit\/les-plume-aux\/#primaryimage"},"image":{"@id":"https:\/\/latelierducoon.com\/index.php\/produit\/les-plume-aux\/#primaryimage"},"thumbnailUrl":"https:\/\/latelierducoon.com\/wp-content\/uploads\/Copie-de-La-Pixel-2.png","datePublished":"2024-01-09T15:36:20+00:00","dateModified":"2025-02-04T07:37:37+00:00","breadcrumb":{"@id":"https:\/\/latelierducoon.com\/index.php\/produit\/les-plume-aux\/#breadcrumb"},"inLanguage":"fr-FR","potentialAction":[{"@type":"ReadAction","target":["https:\/\/latelierducoon.com\/index.php\/produit\/les-plume-aux\/"]}]},{"@type":"ImageObject","inLanguage":"fr-FR","@id":"https:\/\/latelierducoon.com\/index.php\/produit\/les-plume-aux\/#primaryimage","url":"https:\/\/latelierducoon.com\/wp-content\/uploads\/Copie-de-La-Pixel-2.png","contentUrl":"https:\/\/latelierducoon.com\/wp-content\/uploads\/Copie-de-La-Pixel-2.png","width":600,"height":800,"caption":"plume laine macram\u00e9 chat fait main anneau bois hygi\u00e8ne dentaire jouet"},{"@type":"BreadcrumbList","@id":"https:\/\/latelierducoon.com\/index.php\/produit\/les-plume-aux\/#breadcrumb","itemListElement":[{"@type":"ListItem","position":1,"name":"Home","item":"https:\/\/latelierducoon.com\/"},{"@type":"ListItem","position":2,"name":"Accueil","item":"https:\/\/latelierducoon.com\/"},{"@type":"ListItem","position":3,"name":"Les Plume-aux"}]},{"@type":"WebSite","@id":"https:\/\/latelierducoon.com\/#website","url":"https:\/\/latelierducoon.com\/","name":"L\u2019atelier du Coon","description":"","potentialAction":[{"@type":"SearchAction","target":{"@type":"EntryPoint","urlTemplate":"https:\/\/latelierducoon.com\/?s={search_term_string}"},"query-input":{"@type":"PropertyValueSpecification","valueRequired":true,"valueName":"search_term_string"}}],"inLanguage":"fr-FR"}]}},"jetpack_sharing_enabled":true,"_links":{"self":[{"href":"https:\/\/latelierducoon.com\/index.php\/wp-json\/wp\/v2\/product\/2409","targetHints":{"allow":["GET"]}}],"collection":[{"href":"https:\/\/latelierducoon.com\/index.php\/wp-json\/wp\/v2\/product"}],"about":[{"href":"https:\/\/latelierducoon.com\/index.php\/wp-json\/wp\/v2\/types\/product"}],"replies":[{"embeddable":true,"href":"https:\/\/latelierducoon.com\/index.php\/wp-json\/wp\/v2\/comments?post=2409"}],"wp:featuredmedia":[{"embeddable":true,"href":"https:\/\/latelierducoon.com\/index.php\/wp-json\/wp\/v2\/media\/4410"}],"wp:attachment":[{"href":"https:\/\/latelierducoon.com\/index.php\/wp-json\/wp\/v2\/media?parent=2409"}],"wp:term":[{"taxonomy":"product_brand","embeddable":true,"href":"https:\/\/latelierducoon.com\/index.php\/wp-json\/wp\/v2\/product_brand?post=2409"},{"taxonomy":"product_cat","embeddable":true,"href":"https:\/\/latelierducoon.com\/index.php\/wp-json\/wp\/v2\/product_cat?post=2409"},{"taxonomy":"product_tag","embeddable":true,"href":"https:\/\/latelierducoon.com\/index.php\/wp-json\/wp\/v2\/product_tag?post=2409"}],"curies":[{"name":"wp","href":"https:\/\/api.w.org\/{rel}","templated":true}]}}